{"id":1468,"date":"2019-07-25T14:50:35","date_gmt":"2019-07-25T12:50:35","guid":{"rendered":"https:\/\/utla.univ-pau.fr\/site\/?page_id=1468"},"modified":"2024-02-15T18:44:42","modified_gmt":"2024-02-15T17:44:42","slug":"localisation-des-salles-de-cours","status":"publish","type":"page","link":"https:\/\/utla.univ-pau.fr\/site\/?page_id=1468","title":{"rendered":"Localisation des salles de cours"},"content":{"rendered":"<h2>Plan du b\u00e2timent Lettres, Langues, Sciences Humaines et Sport (LLSHS)<\/h2>\n<p>(Parfois appel\u00e9 \u00ab\u00a0Facult\u00e9 de Lettres\u00a0\u00bb.)<\/p>\n<p>Cliquez sur un plan pour l&rsquo;agrandir, ou cliquez sur l&rsquo;ic\u00f4ne PDF pour t\u00e9l\u00e9charger le plan en haute r\u00e9solution.<\/p>\n<p>&nbsp;<\/p>\n<h3>Rez-de-chauss\u00e9e<\/h3>\n<p><a href=\"https:\/\/utla.univ-pau.fr\/site\/wp-content\/uploads\/2017\/06\/UFR-LLSHS-rez-de-chausse\u0301e.pdf\" class=\"mtli_attachment mtli_pdf\" data-mtli=\"mtli_filesize369,4kB\">B\u00e2timent LLSHS rez-de-chausse\u0301e<\/a><\/p>\n<h2 style=\"text-align: center;\"><a href=\"https:\/\/utla.univ-pau.fr\/site\/wp-content\/uploads\/2017\/06\/UFR-LLSHS-rez-de-chausse\u0301e.png\"><img decoding=\"async\" loading=\"lazy\" class=\"aligncenter size-full wp-image-1575\" src=\"https:\/\/utla.univ-pau.fr\/site\/wp-content\/uploads\/2017\/06\/UFR-LLSHS-rez-de-chausse\u0301e.png\" alt=\"\" width=\"1000\" height=\"899\" srcset=\"https:\/\/utla.univ-pau.fr\/site\/wp-content\/uploads\/2017\/06\/UFR-LLSHS-rez-de-chausse\u0301e.png 1000w, https:\/\/utla.univ-pau.fr\/site\/wp-content\/uploads\/2017\/06\/UFR-LLSHS-rez-de-chausse\u0301e-300x270.png 300w, https:\/\/utla.univ-pau.fr\/site\/wp-content\/uploads\/2017\/06\/UFR-LLSHS-rez-de-chausse\u0301e-768x690.png 768w\" sizes=\"(max-width: 1000px) 100vw, 1000px\" \/><\/a><\/h2>\n<h3>1er \u00e9tage<\/h3>\n<p><a href=\"https:\/\/utla.univ-pau.fr\/site\/wp-content\/uploads\/2017\/06\/UFR-LLSHS-1er-e\u0301tage.pdf\" class=\"mtli_attachment mtli_pdf\" data-mtli=\"mtli_filesize299,3kB\">B\u00e2timent LLSHS 1er e\u0301tage<\/a><\/p>\n<p style=\"text-align: center;\"><a href=\"https:\/\/utla.univ-pau.fr\/site\/wp-content\/uploads\/2017\/06\/UFR-LLSHS-1er-e\u0301tage.png\"><img decoding=\"async\" loading=\"lazy\" class=\"aligncenter size-full wp-image-1578\" src=\"https:\/\/utla.univ-pau.fr\/site\/wp-content\/uploads\/2017\/06\/UFR-LLSHS-1er-e\u0301tage.png\" alt=\"\" width=\"1000\" height=\"1082\" srcset=\"https:\/\/utla.univ-pau.fr\/site\/wp-content\/uploads\/2017\/06\/UFR-LLSHS-1er-e\u0301tage.png 1000w, https:\/\/utla.univ-pau.fr\/site\/wp-content\/uploads\/2017\/06\/UFR-LLSHS-1er-e\u0301tage-277x300.png 277w, https:\/\/utla.univ-pau.fr\/site\/wp-content\/uploads\/2017\/06\/UFR-LLSHS-1er-e\u0301tage-768x831.png 768w, https:\/\/utla.univ-pau.fr\/site\/wp-content\/uploads\/2017\/06\/UFR-LLSHS-1er-e\u0301tage-946x1024.png 946w\" sizes=\"(max-width: 1000px) 100vw, 1000px\" \/><\/a><\/p>\n<p>&nbsp;<\/p>\n<h3>2e \u00e9tage<\/h3>\n<p><a href=\"https:\/\/utla.univ-pau.fr\/site\/wp-content\/uploads\/2017\/06\/UFR-LLSHS-2e-e\u0301tage.pdf\" class=\"mtli_attachment mtli_pdf\" data-mtli=\"mtli_filesize250,9kB\">B\u00e2timent LLSHS 2e e\u0301tage<\/a><\/p>\n<p style=\"text-align: left;\"><a href=\"https:\/\/utla.univ-pau.fr\/site\/wp-content\/uploads\/2017\/06\/UFR-LLSHS-2e-e\u0301tage.png\"><img decoding=\"async\" loading=\"lazy\" class=\"aligncenter size-full wp-image-1777\" src=\"https:\/\/utla.univ-pau.fr\/site\/wp-content\/uploads\/2017\/06\/UFR-LLSHS-2e-e\u0301tage.png\" alt=\"\" width=\"1000\" height=\"827\" srcset=\"https:\/\/utla.univ-pau.fr\/site\/wp-content\/uploads\/2017\/06\/UFR-LLSHS-2e-e\u0301tage.png 1000w, https:\/\/utla.univ-pau.fr\/site\/wp-content\/uploads\/2017\/06\/UFR-LLSHS-2e-e\u0301tage-300x248.png 300w, https:\/\/utla.univ-pau.fr\/site\/wp-content\/uploads\/2017\/06\/UFR-LLSHS-2e-e\u0301tage-768x635.png 768w\" sizes=\"(max-width: 1000px) 100vw, 1000px\" \/><\/a><\/p>\n<h2>Plan du b\u00e2timent Droit \u00c9conomie Gestion (DEG)<\/h2>\n<p>&nbsp;<\/p>\n<h3>Rez-de-chauss\u00e9e<\/h3>\n<p>&nbsp;<\/p>\n<p><img decoding=\"async\" loading=\"lazy\" class=\"aligncenter wp-image-6560 size-full\" src=\"https:\/\/utla.univ-pau.fr\/site\/wp-content\/uploads\/2023\/11\/Plan-Batiment-droit-DEG-1.jpg\" alt=\"\" width=\"500\" height=\"375\" srcset=\"https:\/\/utla.univ-pau.fr\/site\/wp-content\/uploads\/2023\/11\/Plan-Batiment-droit-DEG-1.jpg 500w, https:\/\/utla.univ-pau.fr\/site\/wp-content\/uploads\/2023\/11\/Plan-Batiment-droit-DEG-1-300x225.jpg 300w\" sizes=\"(max-width: 500px) 100vw, 500px\" \/><\/p>\n<p>&nbsp;<\/p>\n<h3>1er \u00e9tage<\/h3>\n<p><a href=\"https:\/\/utla.univ-pau.fr\/site\/wp-content\/uploads\/2023\/11\/Plan-Batiment-droit-1er-etage.pdf\" class=\"mtli_attachment mtli_pdf\" data-mtli=\"mtli_filesize8,0MB\">Plan Batiment droit 1er \u00e9tage<\/a><\/p>\n<p><img decoding=\"async\" loading=\"lazy\" class=\"wp-image-6565 size-full aligncenter\" src=\"https:\/\/utla.univ-pau.fr\/site\/wp-content\/uploads\/2023\/11\/Plan-Batiment-droit-1er-etage.jpg\" alt=\"\" width=\"375\" height=\"500\" srcset=\"https:\/\/utla.univ-pau.fr\/site\/wp-content\/uploads\/2023\/11\/Plan-Batiment-droit-1er-etage.jpg 375w, https:\/\/utla.univ-pau.fr\/site\/wp-content\/uploads\/2023\/11\/Plan-Batiment-droit-1er-etage-225x300.jpg 225w\" sizes=\"(max-width: 375px) 100vw, 375px\" \/><\/p>\n<style type=\"text\/css\">a[data-mtli~=\"mtli_filesize369,4kB\"]:after {content:\" (369,4 kB)\"}a[data-mtli~=\"mtli_filesize299,3kB\"]:after {content:\" (299,3 kB)\"}a[data-mtli~=\"mtli_filesize250,9kB\"]:after {content:\" (250,9 kB)\"}a[data-mtli~=\"mtli_filesize8,0MB\"]:after {content:\" (8,0 MB)\"}<\/style>","protected":false},"excerpt":{"rendered":"<p>Plan du b\u00e2timent Lettres, Langues, Sciences Humaines et Sport (LLSHS) (Parfois appel\u00e9 \u00ab\u00a0Facult\u00e9 de Lettres\u00a0\u00bb.) Cliquez sur un plan pour l&rsquo;agrandir, ou cliquez sur l&rsquo;ic\u00f4ne PDF pour t\u00e9l\u00e9charger le plan en haute r\u00e9solution. &nbsp; Rez-de-chauss\u00e9e B\u00e2timent LLSHS rez-de-chausse\u0301e 1er \u00e9tage B\u00e2timent LLSHS 1er e\u0301tage &nbsp; 2e \u00e9tage B\u00e2timent LLSHS 2e&#8230; <a href=\"https:\/\/utla.univ-pau.fr\/site\/?page_id=1468\" class=\"readmore\">lire la suite\u2026<span class=\"screen-reader-text\">Localisation des salles de cours<\/span><span class=\"fa fa-angle-double-right\" aria-hidden=\"true\"><\/span><\/a><\/p>\n","protected":false},"author":5,"featured_media":0,"parent":11,"menu_order":0,"comment_status":"closed","ping_status":"closed","template":"template\/Pleine-largeur.php","meta":[],"acf":[],"_links":{"self":[{"href":"https:\/\/utla.univ-pau.fr\/site\/index.php?rest_route=\/wp\/v2\/pages\/1468"}],"collection":[{"href":"https:\/\/utla.univ-pau.fr\/site\/index.php?rest_route=\/wp\/v2\/pages"}],"about":[{"href":"https:\/\/utla.univ-pau.fr\/site\/index.php?rest_route=\/wp\/v2\/types\/page"}],"author":[{"embeddable":true,"href":"https:\/\/utla.univ-pau.fr\/site\/index.php?rest_route=\/wp\/v2\/users\/5"}],"replies":[{"embeddable":true,"href":"https:\/\/utla.univ-pau.fr\/site\/index.php?rest_route=%2Fwp%2Fv2%2Fcomments&post=1468"}],"version-history":[{"count":27,"href":"https:\/\/utla.univ-pau.fr\/site\/index.php?rest_route=\/wp\/v2\/pages\/1468\/revisions"}],"predecessor-version":[{"id":6742,"href":"https:\/\/utla.univ-pau.fr\/site\/index.php?rest_route=\/wp\/v2\/pages\/1468\/revisions\/6742"}],"up":[{"embeddable":true,"href":"https:\/\/utla.univ-pau.fr\/site\/index.php?rest_route=\/wp\/v2\/pages\/11"}],"wp:attachment":[{"href":"https:\/\/utla.univ-pau.fr\/site\/index.php?rest_route=%2Fwp%2Fv2%2Fmedia&parent=1468"}],"curies":[{"name":"wp","href":"https:\/\/api.w.org\/{rel}","templated":true}]}}