{"id":175,"date":"2021-07-20T14:58:52","date_gmt":"2021-07-20T12:58:52","guid":{"rendered":"http:\/\/utla.univ-pau.fr\/site\/?p=175"},"modified":"2025-07-25T11:16:51","modified_gmt":"2025-07-25T09:16:51","slug":"rois-de-france-et-femmes","status":"publish","type":"page","link":"https:\/\/utla.univ-pau.fr\/site\/?page_id=175","title":{"rendered":"Destins de la r\u00e9volution fran\u00e7aise (1789-1799)"},"content":{"rendered":"<p class=\"post_excerpt\"><strong>Enseignant : Fr\u00e9d\u00e9ric Bidouze<\/strong>, agr\u00e9g\u00e9 d&rsquo;histoire, ma\u00eetre de conf\u00e9rences \u00e0 l&rsquo;UPPA<\/p>\n<p class=\"post_excerpt\"><strong>Semestres 1 et 2\/21 s\u00e9ances x<\/strong><strong>1h30<br \/>\n<\/strong><\/p>\n<p style=\"text-align: justify;\">La R\u00e9volution fran\u00e7aise est une aventure qui saisit d\u2019enthousiasme des personnalit\u00e9s nouvelles mais qui aiguise \u00e9galement les ambitions personnelles aux projets concurrents ; elle trouble aussi ceux qui la refusent dans sa totalit\u00e9 et surtout partiellement au cours de ses phases de plus en plus radicales, transformant les termes de \u00ab R\u00e9volution \u00bb et de \u00ab Contre-r\u00e9volutions \u00bb comme autant de cat\u00e9gories d\u2019exclusion. Ce cours se propose d\u2019illustrer ces ph\u00e9nom\u00e8nes en faisant la part belle aux acteurs d\u2019une p\u00e9riode matricielle qui a entam\u00e9 un long processus de fondation dans la loi d\u2019un corps politique d\u2019individus libres et \u00e9gaux mais qui ne s\u2019ach\u00e8ve v\u00e9ritablement qu\u2019\u00e0 l\u2019aube des ann\u00e9es 1880. Il raconte les hommes et les femmes qui s\u2019unissent et se d\u00e9chirent, qui fa\u00e7onnent une France nouvelle ou qui en contestent tout ou partie des valeurs au c\u0153ur d\u2019un pr\u00e9lude des oppositions complexes entre la droite et la gauche. Il parcourt une vingtaine de vies, \u00e0 travers leurs audaces, leurs choix et souvent leurs trag\u00e9dies, des vies dont les r\u00e9cits ont \u00e9t\u00e9 recouverts par des mythes durables jusqu\u2019\u00e0 nos jours.<\/p>\n","protected":false},"excerpt":{"rendered":"<p>Enseignant : Fr\u00e9d\u00e9ric Bidouze, agr\u00e9g\u00e9 d&rsquo;histoire, ma\u00eetre de conf\u00e9rences \u00e0 l&rsquo;UPPA Semestres 1 et 2\/21 s\u00e9ances x1h30 La R\u00e9volution fran\u00e7aise est une aventure qui saisit d\u2019enthousiasme des personnalit\u00e9s nouvelles mais qui aiguise \u00e9galement les ambitions personnelles aux projets concurrents ; elle trouble aussi ceux qui la refusent dans sa totalit\u00e9&#8230; <a href=\"https:\/\/utla.univ-pau.fr\/site\/?page_id=175\" class=\"readmore\">lire la suite\u2026<span class=\"screen-reader-text\">Destins de la r\u00e9volution fran\u00e7aise (1789-1799)<\/span><span class=\"fa fa-angle-double-right\" aria-hidden=\"true\"><\/span><\/a><\/p>\n","protected":false},"author":5,"featured_media":0,"parent":1009,"menu_order":2,"comment_status":"closed","ping_status":"closed","template":"template\/Page-cours-pleine-largeur.php","meta":[],"acf":[],"_links":{"self":[{"href":"https:\/\/utla.univ-pau.fr\/site\/index.php?rest_route=\/wp\/v2\/pages\/175"}],"collection":[{"href":"https:\/\/utla.univ-pau.fr\/site\/index.php?rest_route=\/wp\/v2\/pages"}],"about":[{"href":"https:\/\/utla.univ-pau.fr\/site\/index.php?rest_route=\/wp\/v2\/types\/page"}],"author":[{"embeddable":true,"href":"https:\/\/utla.univ-pau.fr\/site\/index.php?rest_route=\/wp\/v2\/users\/5"}],"replies":[{"embeddable":true,"href":"https:\/\/utla.univ-pau.fr\/site\/index.php?rest_route=%2Fwp%2Fv2%2Fcomments&post=175"}],"version-history":[{"count":26,"href":"https:\/\/utla.univ-pau.fr\/site\/index.php?rest_route=\/wp\/v2\/pages\/175\/revisions"}],"predecessor-version":[{"id":7681,"href":"https:\/\/utla.univ-pau.fr\/site\/index.php?rest_route=\/wp\/v2\/pages\/175\/revisions\/7681"}],"up":[{"embeddable":true,"href":"https:\/\/utla.univ-pau.fr\/site\/index.php?rest_route=\/wp\/v2\/pages\/1009"}],"wp:attachment":[{"href":"https:\/\/utla.univ-pau.fr\/site\/index.php?rest_route=%2Fwp%2Fv2%2Fmedia&parent=175"}],"curies":[{"name":"wp","href":"https:\/\/api.w.org\/{rel}","templated":true}]}}