{"id":186,"date":"2019-07-25T11:30:31","date_gmt":"2019-07-25T09:30:31","guid":{"rendered":"http:\/\/utla.univ-pau.fr\/site\/?p=186"},"modified":"2025-07-25T11:13:10","modified_gmt":"2025-07-25T09:13:10","slug":"atelier-photo","status":"publish","type":"page","link":"https:\/\/utla.univ-pau.fr\/site\/?page_id=186","title":{"rendered":"Atelier photographie"},"content":{"rendered":"<p class=\"post_excerpt\">Enseignant : Jean-Louis Rey, <strong>b\u00e9n\u00e9vole<\/strong><\/p>\n<p class=\"post_excerpt\"><strong>Semestres 1 et 2 (1 s\u00e9ance par quinzaine) : 3 h hebdo &#8211; <\/strong><span style=\"color: #ff0000;\"><strong><br \/>\n<\/strong><\/span><\/p>\n<p>Am\u00e9liorer la ma\u00eetrise de son appareil photo pour une expression plus fine de l\u2019\u00e9motion ressentie \u00e0 la vue d\u2019un sujet, une approche \u00e0 la fois technique et artistique de la photographie : la lumi\u00e8re, sa captation, l\u2019exposition &#8211; le trio sensibilit\u00e9, vitesse, ouverture du diaphragme, la nettet\u00e9 et les flous, la mise au point, la profondeur de champ &#8211; les vitesses de prise de vue, les sujets en mouvement, les r\u00e8gles de composition de l\u2019image, les contrastes, les volumes, les couleurs, le noir et blanc. Les cours m\u00ealeront des rappels des notions assorties de quelques astuces utiles et l\u2019analyse en vid\u00e9o des photos prises par les participants sur des th\u00e8mes choisis en commun. Deux ou trois s\u00e9ances de prise de vue en commun \u00e0 l\u2019ext\u00e9rieur pourront \u00eatre organis\u00e9es.<\/p>\n<p>&nbsp;<\/p>\n","protected":false},"excerpt":{"rendered":"<p>Enseignant : Jean-Louis Rey, b\u00e9n\u00e9vole Semestres 1 et 2 (1 s\u00e9ance par quinzaine) : 3 h hebdo &#8211; Am\u00e9liorer la ma\u00eetrise de son appareil photo pour une expression plus fine de l\u2019\u00e9motion ressentie \u00e0 la vue d\u2019un sujet, une approche \u00e0 la fois technique et artistique de la photographie :&#8230; <a href=\"https:\/\/utla.univ-pau.fr\/site\/?page_id=186\" class=\"readmore\">lire la suite\u2026<span class=\"screen-reader-text\">Atelier photographie<\/span><span class=\"fa fa-angle-double-right\" aria-hidden=\"true\"><\/span><\/a><\/p>\n","protected":false},"author":5,"featured_media":0,"parent":5186,"menu_order":5,"comment_status":"closed","ping_status":"closed","template":"template\/Page-cours-pleine-largeur.php","meta":[],"acf":[],"_links":{"self":[{"href":"https:\/\/utla.univ-pau.fr\/site\/index.php?rest_route=\/wp\/v2\/pages\/186"}],"collection":[{"href":"https:\/\/utla.univ-pau.fr\/site\/index.php?rest_route=\/wp\/v2\/pages"}],"about":[{"href":"https:\/\/utla.univ-pau.fr\/site\/index.php?rest_route=\/wp\/v2\/types\/page"}],"author":[{"embeddable":true,"href":"https:\/\/utla.univ-pau.fr\/site\/index.php?rest_route=\/wp\/v2\/users\/5"}],"replies":[{"embeddable":true,"href":"https:\/\/utla.univ-pau.fr\/site\/index.php?rest_route=%2Fwp%2Fv2%2Fcomments&post=186"}],"version-history":[{"count":21,"href":"https:\/\/utla.univ-pau.fr\/site\/index.php?rest_route=\/wp\/v2\/pages\/186\/revisions"}],"predecessor-version":[{"id":7693,"href":"https:\/\/utla.univ-pau.fr\/site\/index.php?rest_route=\/wp\/v2\/pages\/186\/revisions\/7693"}],"up":[{"embeddable":true,"href":"https:\/\/utla.univ-pau.fr\/site\/index.php?rest_route=\/wp\/v2\/pages\/5186"}],"wp:attachment":[{"href":"https:\/\/utla.univ-pau.fr\/site\/index.php?rest_route=%2Fwp%2Fv2%2Fmedia&parent=186"}],"curies":[{"name":"wp","href":"https:\/\/api.w.org\/{rel}","templated":true}]}}