{"id":187,"date":"2020-07-27T14:35:52","date_gmt":"2020-07-27T12:35:52","guid":{"rendered":"http:\/\/utla.univ-pau.fr\/site\/?p=187"},"modified":"2025-07-25T11:15:48","modified_gmt":"2025-07-25T09:15:48","slug":"musique-religieuse-chretienne","status":"publish","type":"page","link":"https:\/\/utla.univ-pau.fr\/site\/?page_id=187","title":{"rendered":"Musique et po\u00e9sie du Moyen-\u00c2ge \u00e0 nos jours."},"content":{"rendered":"<p><span style=\"background-color: #ffffff;\"><strong>Enseignante : Odette Campillo (b\u00e9n\u00e9vole),<\/strong> Professeure certifi\u00e9e d\u2019\u00e9ducation musicale et de chant choral.<\/span><\/p>\n<p><strong style=\"background-color: #ffffff;\">10 s\u00e9ances x 1h30 hebdo\/semestre 1<\/strong><\/p>\n<p>Nous \u00e9tudierons comment ces deux arts se sont toujours accommod\u00e9s de leurs diff\u00e9rences pour s&rsquo;unir en une belle harmonie. A travers des exemples concrets, l&rsquo;art de la <em>prosodie<\/em> sera expliqu\u00e9 en montrant les solutions apport\u00e9es par les compositeurs des diff\u00e9rentes \u00e9poques.<\/p>\n<p>&nbsp;<\/p>\n","protected":false},"excerpt":{"rendered":"<p>Enseignante : Odette Campillo (b\u00e9n\u00e9vole), Professeure certifi\u00e9e d\u2019\u00e9ducation musicale et de chant choral. 10 s\u00e9ances x 1h30 hebdo\/semestre 1 Nous \u00e9tudierons comment ces deux arts se sont toujours accommod\u00e9s de leurs diff\u00e9rences pour s&rsquo;unir en une belle harmonie. A travers des exemples concrets, l&rsquo;art de la prosodie sera expliqu\u00e9 en&#8230; <a href=\"https:\/\/utla.univ-pau.fr\/site\/?page_id=187\" class=\"readmore\">lire la suite\u2026<span class=\"screen-reader-text\">Musique et po\u00e9sie du Moyen-\u00c2ge \u00e0 nos jours.<\/span><span class=\"fa fa-angle-double-right\" aria-hidden=\"true\"><\/span><\/a><\/p>\n","protected":false},"author":5,"featured_media":0,"parent":1019,"menu_order":1,"comment_status":"closed","ping_status":"closed","template":"template\/Page-cours-pleine-largeur.php","meta":[],"acf":[],"_links":{"self":[{"href":"https:\/\/utla.univ-pau.fr\/site\/index.php?rest_route=\/wp\/v2\/pages\/187"}],"collection":[{"href":"https:\/\/utla.univ-pau.fr\/site\/index.php?rest_route=\/wp\/v2\/pages"}],"about":[{"href":"https:\/\/utla.univ-pau.fr\/site\/index.php?rest_route=\/wp\/v2\/types\/page"}],"author":[{"embeddable":true,"href":"https:\/\/utla.univ-pau.fr\/site\/index.php?rest_route=\/wp\/v2\/users\/5"}],"replies":[{"embeddable":true,"href":"https:\/\/utla.univ-pau.fr\/site\/index.php?rest_route=%2Fwp%2Fv2%2Fcomments&post=187"}],"version-history":[{"count":31,"href":"https:\/\/utla.univ-pau.fr\/site\/index.php?rest_route=\/wp\/v2\/pages\/187\/revisions"}],"predecessor-version":[{"id":7682,"href":"https:\/\/utla.univ-pau.fr\/site\/index.php?rest_route=\/wp\/v2\/pages\/187\/revisions\/7682"}],"up":[{"embeddable":true,"href":"https:\/\/utla.univ-pau.fr\/site\/index.php?rest_route=\/wp\/v2\/pages\/1019"}],"wp:attachment":[{"href":"https:\/\/utla.univ-pau.fr\/site\/index.php?rest_route=%2Fwp%2Fv2%2Fmedia&parent=187"}],"curies":[{"name":"wp","href":"https:\/\/api.w.org\/{rel}","templated":true}]}}