{"id":3348,"date":"2020-07-27T14:40:13","date_gmt":"2020-07-27T12:40:13","guid":{"rendered":"https:\/\/utla.univ-pau.fr\/site\/?page_id=3348"},"modified":"2025-07-25T11:18:33","modified_gmt":"2025-07-25T09:18:33","slug":"les-tsiganes-anthropologie","status":"publish","type":"page","link":"https:\/\/utla.univ-pau.fr\/site\/?page_id=3348","title":{"rendered":"Cultures orales et cultures \u00e9crites : Une approche anthropologique"},"content":{"rendered":"<p><strong>Enseignant : Jean-Luc Poueyto<\/strong>, Anthropologue, enseignant-chercheur \u00e0 l\u2019UPPA<\/p>\n<p><strong>Semestre 1\/10 s\u00e9ances x 1h30<\/strong><\/p>\n<p style=\"text-align: justify;\">Sans que nous en soyons toujours conscients, nous vivons dans un monde de l\u2019\u00e9crit, qu\u2019il soit imprim\u00e9 ou, maintenant num\u00e9rique. Nous pensons \u00e0 travers des logiques propres \u00e0 l\u2019\u00e9crit, nos repr\u00e9sentations du temps, de l\u2019espace, de la mati\u00e8re sont inh\u00e9rentes \u00e0 l\u2019\u00e9crit. De m\u00eame, notre lien au savoir tout comme nos relations sociales en d\u00e9pendent de plus en plus. Il va de soi, d\u00e8s lors, qu\u2019il nous est tr\u00e8s difficile de concevoir un rapport au monde qui pourrait \u00eatre autre, ce qui fut pourtant le cas des milliards d\u2019individus qui nous ont pr\u00e9c\u00e9d\u00e9s sur terre ou de tous ceux qui y vivent de nos jours \u00e0 travers un rapport volontairement distanci\u00e9 \u00e0 l\u2019\u00e9crit. Aussi, afin de mieux r\u00e9fl\u00e9chir ensemble \u00e0 ces questions, Jean-Luc Poueyto, anthropologue et auteur de nombreux travaux portant sur les cultures orales et \u00e9crites, propose un ensemble de dix s\u00e9ances dans lesquelles il sera trait\u00e9 des naissances des \u00e9critures, des repr\u00e9sentations de l\u2019espace et du temps en Occident, de la r\u00e9volution de l\u2019imprimerie puis de celle du num\u00e9rique, de la conception de la langue fran\u00e7aise \u00e9crite en France, du concept du mythe, de ceux d\u2019histoire et de m\u00e9moire, des religions du livre, de Manouches, de litt\u00e9rature, de musiques, d\u2019Afrique sub-saharienne, d\u2019Am\u00e9rique pr\u00e9-colombienne et de l\u2019IA\u2026<\/p>\n<p>&nbsp;<\/p>\n<p>&nbsp;<\/p>\n<p>&nbsp;<\/p>\n<p>&nbsp;<\/p>\n<p>&nbsp;<\/p>\n<p>&nbsp;<\/p>\n<p>&nbsp;<\/p>\n","protected":false},"excerpt":{"rendered":"<p>Enseignant : Jean-Luc Poueyto, Anthropologue, enseignant-chercheur \u00e0 l\u2019UPPA Semestre 1\/10 s\u00e9ances x 1h30 Sans que nous en soyons toujours conscients, nous vivons dans un monde de l\u2019\u00e9crit, qu\u2019il soit imprim\u00e9 ou, maintenant num\u00e9rique. Nous pensons \u00e0 travers des logiques propres \u00e0 l\u2019\u00e9crit, nos repr\u00e9sentations du temps, de l\u2019espace, de la&#8230; <a href=\"https:\/\/utla.univ-pau.fr\/site\/?page_id=3348\" class=\"readmore\">lire la suite\u2026<span class=\"screen-reader-text\">Cultures orales et cultures \u00e9crites : Une approche anthropologique<\/span><span class=\"fa fa-angle-double-right\" aria-hidden=\"true\"><\/span><\/a><\/p>\n","protected":false},"author":5,"featured_media":0,"parent":2489,"menu_order":3,"comment_status":"closed","ping_status":"closed","template":"template\/Page-cours-pleine-largeur.php","meta":[],"acf":[],"_links":{"self":[{"href":"https:\/\/utla.univ-pau.fr\/site\/index.php?rest_route=\/wp\/v2\/pages\/3348"}],"collection":[{"href":"https:\/\/utla.univ-pau.fr\/site\/index.php?rest_route=\/wp\/v2\/pages"}],"about":[{"href":"https:\/\/utla.univ-pau.fr\/site\/index.php?rest_route=\/wp\/v2\/types\/page"}],"author":[{"embeddable":true,"href":"https:\/\/utla.univ-pau.fr\/site\/index.php?rest_route=\/wp\/v2\/users\/5"}],"replies":[{"embeddable":true,"href":"https:\/\/utla.univ-pau.fr\/site\/index.php?rest_route=%2Fwp%2Fv2%2Fcomments&post=3348"}],"version-history":[{"count":25,"href":"https:\/\/utla.univ-pau.fr\/site\/index.php?rest_route=\/wp\/v2\/pages\/3348\/revisions"}],"predecessor-version":[{"id":7640,"href":"https:\/\/utla.univ-pau.fr\/site\/index.php?rest_route=\/wp\/v2\/pages\/3348\/revisions\/7640"}],"up":[{"embeddable":true,"href":"https:\/\/utla.univ-pau.fr\/site\/index.php?rest_route=\/wp\/v2\/pages\/2489"}],"wp:attachment":[{"href":"https:\/\/utla.univ-pau.fr\/site\/index.php?rest_route=%2Fwp%2Fv2%2Fmedia&parent=3348"}],"curies":[{"name":"wp","href":"https:\/\/api.w.org\/{rel}","templated":true}]}}