{"id":5219,"date":"2022-07-25T14:51:13","date_gmt":"2022-07-25T12:51:13","guid":{"rendered":"https:\/\/utla.univ-pau.fr\/site\/?page_id=5219"},"modified":"2025-07-25T11:12:30","modified_gmt":"2025-07-25T09:12:30","slug":"atelier-ecritures-epoque-moderne-paleographie","status":"publish","type":"page","link":"https:\/\/utla.univ-pau.fr\/site\/?page_id=5219","title":{"rendered":"Atelier initiation \u00e0 la pal\u00e9ographie"},"content":{"rendered":"<p><strong>Enseignant : Philippe Chareyre (b\u00e9n\u00e9vole), <\/strong>professeur \u00e9m\u00e9rite des universit\u00e9s en histoire moderne.<\/p>\n<p><strong>Semestres 1\/10 s\u00e9ances x 2h\u00a0<\/strong><\/p>\n<p style=\"text-align: justify;\">Cet atelier s\u2019adresse \u00e0 des personnes confront\u00e9es \u00e0 des documents anciens et rencontrant des difficult\u00e9s pour les lire, les analyser et d\u00e9terminer leur nature. Il s\u2019adresse particuli\u00e8rement \u00e0 celles et ceux qui poss\u00e8dent des archives familiales et d\u00e9sirent les classer ou \u00e9crire une chronique familiale, et de la m\u00eame fa\u00e7on aux g\u00e9n\u00e9alogistes d\u00e9butants.<\/p>\n<p style=\"text-align: justify;\">Les participants seront mis en situation de lecture des documents et recevront \u00e0 cette occasion des informations th\u00e9oriques sur l\u2019organisation des archives publiques en France, sur l\u2019histoire de l\u2019\u00e9criture et de ses supports.<\/p>\n<p style=\"text-align: justify;\">Attention ! Atelier limit\u00e9 \u00e0 une douzaine de personnes pour une interaction optimale.<\/p>\n<p>&nbsp;<\/p>\n<p><strong>Groupe limit\u00e9 \u00e0 12 personnes pour une interaction optimale<\/strong><\/p>\n<blockquote><p><strong>Date d&rsquo;ouverture des inscriptions sur le site internet : \u00e0 partir du lundi 20 octobre d\u00e8s 9h30<\/strong><\/p><\/blockquote>\n<p><strong><span style=\"color: #ff0000;\">\u00a0<\/span><\/strong><\/p>\n<p>&nbsp;<\/p>\n","protected":false},"excerpt":{"rendered":"<p>Enseignant : Philippe Chareyre (b\u00e9n\u00e9vole), professeur \u00e9m\u00e9rite des universit\u00e9s en histoire moderne. Semestres 1\/10 s\u00e9ances x 2h\u00a0 Cet atelier s\u2019adresse \u00e0 des personnes confront\u00e9es \u00e0 des documents anciens et rencontrant des difficult\u00e9s pour les lire, les analyser et d\u00e9terminer leur nature. Il s\u2019adresse particuli\u00e8rement \u00e0 celles et ceux qui poss\u00e8dent&#8230; <a href=\"https:\/\/utla.univ-pau.fr\/site\/?page_id=5219\" class=\"readmore\">lire la suite\u2026<span class=\"screen-reader-text\">Atelier initiation \u00e0 la pal\u00e9ographie<\/span><span class=\"fa fa-angle-double-right\" aria-hidden=\"true\"><\/span><\/a><\/p>\n","protected":false},"author":5,"featured_media":0,"parent":5186,"menu_order":0,"comment_status":"closed","ping_status":"closed","template":"template\/Page-cours-pleine-largeur.php","meta":[],"acf":[],"_links":{"self":[{"href":"https:\/\/utla.univ-pau.fr\/site\/index.php?rest_route=\/wp\/v2\/pages\/5219"}],"collection":[{"href":"https:\/\/utla.univ-pau.fr\/site\/index.php?rest_route=\/wp\/v2\/pages"}],"about":[{"href":"https:\/\/utla.univ-pau.fr\/site\/index.php?rest_route=\/wp\/v2\/types\/page"}],"author":[{"embeddable":true,"href":"https:\/\/utla.univ-pau.fr\/site\/index.php?rest_route=\/wp\/v2\/users\/5"}],"replies":[{"embeddable":true,"href":"https:\/\/utla.univ-pau.fr\/site\/index.php?rest_route=%2Fwp%2Fv2%2Fcomments&post=5219"}],"version-history":[{"count":24,"href":"https:\/\/utla.univ-pau.fr\/site\/index.php?rest_route=\/wp\/v2\/pages\/5219\/revisions"}],"predecessor-version":[{"id":7704,"href":"https:\/\/utla.univ-pau.fr\/site\/index.php?rest_route=\/wp\/v2\/pages\/5219\/revisions\/7704"}],"up":[{"embeddable":true,"href":"https:\/\/utla.univ-pau.fr\/site\/index.php?rest_route=\/wp\/v2\/pages\/5186"}],"wp:attachment":[{"href":"https:\/\/utla.univ-pau.fr\/site\/index.php?rest_route=%2Fwp%2Fv2%2Fmedia&parent=5219"}],"curies":[{"name":"wp","href":"https:\/\/api.w.org\/{rel}","templated":true}]}}