{"id":7675,"date":"2025-07-22T10:42:13","date_gmt":"2025-07-22T08:42:13","guid":{"rendered":"https:\/\/utla.univ-pau.fr\/site\/?page_id=7675"},"modified":"2025-07-25T11:17:41","modified_gmt":"2025-07-25T09:17:41","slug":"la-justice-dhier-a-aujourdhui","status":"publish","type":"page","link":"https:\/\/utla.univ-pau.fr\/site\/?page_id=7675","title":{"rendered":"La justice d&rsquo;hier \u00e0 aujourd&rsquo;hui"},"content":{"rendered":"<p>Enseignant : Richard Pineau, (b\u00e9n\u00e9vole) magistrat honoraire au parquet pr\u00e8s le tribunal judiciaire de Pau<\/p>\n<p><strong>1er semestre\/novembre \u00e0 mars\/5 s\u00e9ances x 1h30<\/strong><\/p>\n<p style=\"text-align: justify;\">Le cours propos\u00e9 a pour but d\u2019exposer de mani\u00e8re tr\u00e8s pratique le fonctionnement de la justice \u00e0 travers une exp\u00e9rience professionnelle de plus de 45 ans. Avocat pendant plus de 20 ans, puis magistrat au sein du Minist\u00e8re Public, j\u2019ai en particulier exerc\u00e9 au sein du Parquet G\u00e9n\u00e9ral de la Cour d\u2019Appel de PAU pendant 10 ans. D\u00e9sormais en retraite, je poursuis une activit\u00e9 de magistrat honoraire.<\/p>\n<p>Chaque cours comportera une rapide \u00e9tude historique puis nous aborderons le r\u00f4le des diff\u00e9rents intervenants au service de la justice avec des exemples concrets et la pr\u00e9sence d\u2019intervenants choisis ( avocat, magistrat ..).<\/p>\n","protected":false},"excerpt":{"rendered":"<p>Enseignant : Richard Pineau, (b\u00e9n\u00e9vole) magistrat honoraire au parquet pr\u00e8s le tribunal judiciaire de Pau 1er semestre\/novembre \u00e0 mars\/5 s\u00e9ances x 1h30 Le cours propos\u00e9 a pour but d\u2019exposer de mani\u00e8re tr\u00e8s pratique le fonctionnement de la justice \u00e0 travers une exp\u00e9rience professionnelle de plus de 45 ans. Avocat pendant&#8230; <a href=\"https:\/\/utla.univ-pau.fr\/site\/?page_id=7675\" class=\"readmore\">lire la suite\u2026<span class=\"screen-reader-text\">La justice d&rsquo;hier \u00e0 aujourd&rsquo;hui<\/span><span class=\"fa fa-angle-double-right\" aria-hidden=\"true\"><\/span><\/a><\/p>\n","protected":false},"author":5,"featured_media":0,"parent":2489,"menu_order":0,"comment_status":"closed","ping_status":"closed","template":"template\/Page-cours-content-sidebar.php","meta":[],"acf":[],"_links":{"self":[{"href":"https:\/\/utla.univ-pau.fr\/site\/index.php?rest_route=\/wp\/v2\/pages\/7675"}],"collection":[{"href":"https:\/\/utla.univ-pau.fr\/site\/index.php?rest_route=\/wp\/v2\/pages"}],"about":[{"href":"https:\/\/utla.univ-pau.fr\/site\/index.php?rest_route=\/wp\/v2\/types\/page"}],"author":[{"embeddable":true,"href":"https:\/\/utla.univ-pau.fr\/site\/index.php?rest_route=\/wp\/v2\/users\/5"}],"replies":[{"embeddable":true,"href":"https:\/\/utla.univ-pau.fr\/site\/index.php?rest_route=%2Fwp%2Fv2%2Fcomments&post=7675"}],"version-history":[{"count":3,"href":"https:\/\/utla.univ-pau.fr\/site\/index.php?rest_route=\/wp\/v2\/pages\/7675\/revisions"}],"predecessor-version":[{"id":7678,"href":"https:\/\/utla.univ-pau.fr\/site\/index.php?rest_route=\/wp\/v2\/pages\/7675\/revisions\/7678"}],"up":[{"embeddable":true,"href":"https:\/\/utla.univ-pau.fr\/site\/index.php?rest_route=\/wp\/v2\/pages\/2489"}],"wp:attachment":[{"href":"https:\/\/utla.univ-pau.fr\/site\/index.php?rest_route=%2Fwp%2Fv2%2Fmedia&parent=7675"}],"curies":[{"name":"wp","href":"https:\/\/api.w.org\/{rel}","templated":true}]}}