{"id":7684,"date":"2025-07-23T11:34:50","date_gmt":"2025-07-23T09:34:50","guid":{"rendered":"https:\/\/utla.univ-pau.fr\/site\/?page_id=7684"},"modified":"2025-07-25T11:14:50","modified_gmt":"2025-07-25T09:14:50","slug":"les-courants-de-la-pensee-japonaise","status":"publish","type":"page","link":"https:\/\/utla.univ-pau.fr\/site\/?page_id=7684","title":{"rendered":"Les courants de la pens\u00e9e japonaise"},"content":{"rendered":"<p>Enseignant : Jacques Joly, professeur retrait\u00e9 de langue fran\u00e7aise au Japon, traducteur, sp\u00e9cialiste de Masao Maruyama.<\/p>\n<p>Semestre 2\/12 s\u00e9ances x 1h30<\/p>\n<p>Le cours privil\u00e9giera la pr\u00e9sentation de tel ou tel courant de pens\u00e9e (ou de tel ou telle figure importante du monde de la pens\u00e9e), sans jamais le dissocier d\u2019une pr\u00e9sentation historique et civilisationnelle d\u00e9taill\u00e9e qui en forme le contexte. Il s\u2019agira donc presque autant d\u2019un cours d\u2019histoire (et parfois de g\u00e9ographie !) que de culture du Japon. Il n\u2019est besoin ni d\u2019\u00eatre philosophe ni m\u00eame de conna\u00eetre la langue japonaise, chaque occurrence linguistique et conceptuelle fera l\u2019objet d\u2019une analyse d\u00e9taill\u00e9e. les d\u00e9veloppements se r\u00e9f\u00e9reront souvent aux th\u00e9matiques de la philosophie politique (non pas en vertu de ma sp\u00e9cialit\u00e9 mais parce que la r\u00e9alit\u00e9 du Japon l\u2019oblige)\u2026<\/p>\n","protected":false},"excerpt":{"rendered":"<p>Enseignant : Jacques Joly, professeur retrait\u00e9 de langue fran\u00e7aise au Japon, traducteur, sp\u00e9cialiste de Masao Maruyama. Semestre 2\/12 s\u00e9ances x 1h30 Le cours privil\u00e9giera la pr\u00e9sentation de tel ou tel courant de pens\u00e9e (ou de tel ou telle figure importante du monde de la pens\u00e9e), sans jamais le dissocier d\u2019une&#8230; <a href=\"https:\/\/utla.univ-pau.fr\/site\/?page_id=7684\" class=\"readmore\">lire la suite\u2026<span class=\"screen-reader-text\">Les courants de la pens\u00e9e japonaise<\/span><span class=\"fa fa-angle-double-right\" aria-hidden=\"true\"><\/span><\/a><\/p>\n","protected":false},"author":5,"featured_media":0,"parent":1170,"menu_order":0,"comment_status":"closed","ping_status":"closed","template":"template\/Page-cours-content-sidebar.php","meta":[],"acf":[],"_links":{"self":[{"href":"https:\/\/utla.univ-pau.fr\/site\/index.php?rest_route=\/wp\/v2\/pages\/7684"}],"collection":[{"href":"https:\/\/utla.univ-pau.fr\/site\/index.php?rest_route=\/wp\/v2\/pages"}],"about":[{"href":"https:\/\/utla.univ-pau.fr\/site\/index.php?rest_route=\/wp\/v2\/types\/page"}],"author":[{"embeddable":true,"href":"https:\/\/utla.univ-pau.fr\/site\/index.php?rest_route=\/wp\/v2\/users\/5"}],"replies":[{"embeddable":true,"href":"https:\/\/utla.univ-pau.fr\/site\/index.php?rest_route=%2Fwp%2Fv2%2Fcomments&post=7684"}],"version-history":[{"count":1,"href":"https:\/\/utla.univ-pau.fr\/site\/index.php?rest_route=\/wp\/v2\/pages\/7684\/revisions"}],"predecessor-version":[{"id":7685,"href":"https:\/\/utla.univ-pau.fr\/site\/index.php?rest_route=\/wp\/v2\/pages\/7684\/revisions\/7685"}],"up":[{"embeddable":true,"href":"https:\/\/utla.univ-pau.fr\/site\/index.php?rest_route=\/wp\/v2\/pages\/1170"}],"wp:attachment":[{"href":"https:\/\/utla.univ-pau.fr\/site\/index.php?rest_route=%2Fwp%2Fv2%2Fmedia&parent=7684"}],"curies":[{"name":"wp","href":"https:\/\/api.w.org\/{rel}","templated":true}]}}