{"id":79,"date":"2021-07-27T07:43:15","date_gmt":"2021-07-27T05:43:15","guid":{"rendered":"http:\/\/utla.univ-pau.fr\/site\/?page_id=79"},"modified":"2021-07-27T16:14:04","modified_gmt":"2021-07-27T14:14:04","slug":"reglements-internes-specifiques-aux-randonnees-montagne-raquettes-ski-de-fond","status":"publish","type":"page","link":"https:\/\/utla.univ-pau.fr\/site\/?page_id=79","title":{"rendered":"R\u00e8glements internes sp\u00e9cifiques aux randonn\u00e9es Montagne \/ Raquettes Ski de Fond"},"content":{"rendered":"<h3 class=\"spip\"><strong>I &#8211;<\/strong> D\u00e9finitions<\/h3>\n<ul class=\"spip\">\n<li>Sortie\u00a0: Appellation g\u00e9n\u00e9rale d\u00e9signant aussi bien les randonn\u00e9es p\u00e9destres, le ski de fond ou les raquettes.<\/li>\n<li>Randonn\u00e9es\u00a0: Par randonn\u00e9es, il faut entendre toute promenade, ascension ou marche en montagne, sur sentiers balis\u00e9s ou non, mais excluant l\u2019escalade.<\/li>\n<li>Ski de fond\u00a0: S\u2019applique \u00e0 toute sortie organis\u00e9e dans une station ouverte au public et ayant des pistes balis\u00e9es.<\/li>\n<li>Raquettes\u00a0: Il s\u2019agit en fait de \u00ab\u00a0randonn\u00e9es\u00a0\u00bb hivernales sur massifs enneig\u00e9s et n\u00e9cessitant l\u2019usage d\u2019un \u00e9quipement raquettes \u00e0 neige.<\/li>\n<li>Randonneur\u00a0: Le terme \u00ab\u00a0randonneur\u00a0\u00bb employ\u00e9 dans ce r\u00e8glement d\u00e9signe tout participant \u00e0 une sortie en montagne (randonn\u00e9es \u2013 ski de fond \u2013 raquettes).<\/li>\n<\/ul>\n<h3><strong>II &#8211;<\/strong> G\u00e9n\u00e9ralit\u00e9s<\/h3>\n<p>L\u2019Inscription \u00e0 un groupe \u00ab\u00a0montagne, randonn\u00e9e p\u00e9destre, ski de fond ou raquettes\u00a0\u00bb est subordonn\u00e9e \u00e0 la fourniture avant la premi\u00e8re sortie d\u2019un certificat m\u00e9dical sp\u00e9cifiant le ou les types de sorties autoris\u00e9es pour l\u2019adh\u00e9rent.<\/p>\n<ul>\n<li>Les sorties ont lieu tous les mardis, sauf durant les p\u00e9riodes de vacances universitaires.<\/li>\n<li>Les horaires de d\u00e9part et de retour sont fonction de la saison et du programme de la sortie.<\/li>\n<li>Le transport est effectu\u00e9 en autocar.<\/li>\n<li>Le lieu de rendez-vous est sur le parking devant le restaurant universitaire. Il est recommand\u00e9 d\u2019arriver quinze minutes avant le d\u00e9part de l\u2019autocar.<\/li>\n<li>La participation aux frais de transport en autocar est fix\u00e9e apr\u00e8s la cl\u00f4ture des comptes\u00a0: voir affichage sur le tableau.<\/li>\n<li>Les inscriptions ainsi que le paiement ont lieu sur le site internet de l\u2019UTLA. Pas de possibilit\u00e9 d\u2019annulation ni de remboursement apr\u00e8s inscription.<\/li>\n<\/ul>\n<p>Pour sa propre s\u00e9curit\u00e9 et r\u00e9pondre aux exigences de notre assurance randonn\u00e9e collective, chaque<br \/>\nrandonneur doit avoir sur lui\u00a0: pi\u00e8ce d\u2019identit\u00e9, carte vitale, document pr\u00e9cisant groupe sanguin et allergie(s), noms et coordonn\u00e9es t\u00e9l\u00e9phoniques des personnes \u00e0 pr\u00e9venir en cas d\u2019accident.<\/p>\n<h3><strong>III &#8211;<\/strong> \u00c9quipement<\/h3>\n<p>Chaque randonneur est cens\u00e9 conna\u00eetre les recommandations et usages concernant le choix et la qualit\u00e9 de son \u00e9quipement individuel. Cet \u00e9quipement doit \u00eatre s\u00e9lectionn\u00e9 en fonction du programme de la sortie, de la saison et des risques de perturbations atmosph\u00e9riques. En ce qui concerne les randonn\u00e9es proprement dites, plusieurs \u00e9l\u00e9ments doivent faire l\u2019objet d\u2019une attention particuli\u00e8re et notamment\u00a0:<\/p>\n<ul>\n<li>les chaussures,<\/li>\n<li>les v\u00eatements,<\/li>\n<li>le sac \u00e0 dos,<\/li>\n<li>le(s) b\u00e2ton(s) et\/ou piolet.<\/li>\n<\/ul>\n<p>Il est, en outre, fortement conseill\u00e9 de se munir de linge de corps de rechange, d\u2019aliments et de boisson en quantit\u00e9s suffisantes pour pallier un impr\u00e9vu, d\u2019une trousse de secours de premi\u00e8re urgence. Il est, de plus, imp\u00e9ratif que chaque randonneur soit muni d\u2019une couverture de survie.<\/p>\n<p>Le ski de fond, \u00e9tant pratiqu\u00e9 en station, ne n\u00e9cessite que l\u2019\u00e9quipement classique et sp\u00e9cifique \u00e0 cette activit\u00e9.<\/p>\n<p>Pour les sorties raquettes, les \u00e9l\u00e9ments \u00e0 prendre en compte sont les m\u00eames que ceux des randonn\u00e9es, en incluant l\u2019\u00e9quipement sp\u00e9cifique \u00e0 cette activit\u00e9. De plus, il est obligatoire de se munir d\u2019un dispositif individuel de t\u00e9l\u00e9d\u00e9tection (A.R.V.A.) pour toutes les sorties hivernales en dehors de celles qui sont effectu\u00e9es sur les circuits s\u00e9curis\u00e9s des stations de ski.<\/p>\n<h3><strong>IV &#8211; Les<\/strong> sorties<\/h3>\n<p>Une liste pr\u00e9visionnelle des sorties est \u00e9tablie au d\u00e9but de chaque trimestre. Le programme d\u2019une sortie indique le site g\u00e9n\u00e9ral central, \u00e0 partir duquel des prolongements pourront \u00eatre effectu\u00e9s vers les points int\u00e9ressants de la zone environnante.<\/p>\n<p>Le programme pourra \u00eatre modifi\u00e9 au moment du d\u00e9part ou en cours de sortie en fonction d\u2019\u00e9l\u00e9ments tels que\u00a0: conditions m\u00e9t\u00e9orologiques, enneigement, difficult\u00e9 d\u2019acc\u00e8s, etc.<\/p>\n<p>En fonction des disponibilit\u00e9s et du nombre de participants, 2 \u00e0 4 accompagnateurs dipl\u00f4m\u00e9s, b\u00e9n\u00e9voles, se r\u00e9partissent dans le groupe des randonneurs. Le r\u00f4le des accompagnateurs est strictement limit\u00e9 aux points ci-apr\u00e8s\u00a0:<\/p>\n<ul>\n<li>La randonn\u00e9e est plac\u00e9e sous l\u2019autorit\u00e9 directe des accompagnateurs qualifi\u00e9s et des serre-files. La discipline de groupe doit \u00eatre observ\u00e9e\u00a0: toute vell\u00e9it\u00e9 d\u2019ind\u00e9pendance doit \u00eatre bannie. Le ma\u00eetre mot est la solidarit\u00e9 dans le groupe entre randonneurs.<\/li>\n<li>Le r\u00f4le principal est de d\u00e9terminer le trajet de la randonn\u00e9e et d\u2019encadrer le groupe dont ils ont la charge.<\/li>\n<li>Donner des informations sur la sortie pr\u00e9vue (itin\u00e9raire, timing).<\/li>\n<\/ul>\n<p>Tout participant \u00e0 une sortie est pr\u00e9sum\u00e9 conna\u00eetre et accepter les risques inh\u00e9rents aux sorties en montagne\u00a0; il engage sa propre responsabilit\u00e9 s\u2019il ne se conforme pas aux r\u00e8gles, consignes et recommandations \u2013\u00e9crites ou verbales- que tout randonneur se doit de respecter. Il en sera notamment ainsi lorsque le randonneur n\u2019est pas en condition physique pour accomplir le programme pr\u00e9vu, s\u2019isole sans pr\u00e9venir, quitte le groupe, ne suit pas l\u2019itin\u00e9raire retenu ou n\u2019est pas \u00e9quip\u00e9 correctement.<\/p>\n<p>Toute personne non adh\u00e9rente \u00e0 l\u2019UTLA ne peut \u00eatre int\u00e9gr\u00e9e aux groupes de montagne de l\u2019UTLA.<\/p>\n<h3>V &#8211; Engagement<\/h3>\n<p>Du fait de son Inscription \u00e0 une sortie, le randonneur s\u2019engage \u00e0 respecter les r\u00e8gles, avis ou recommandations ci-dessus. Il devra \u00e9galement tenir compte des r\u00e9serves ou restrictions \u00e9ventuelles figurant dans le certificat m\u00e9dical \u00e9tabli \u00e0 cet effet.<\/p>\n<p>Dans votre int\u00e9r\u00eat, nous vous conseillons de demander \u00e0 votre m\u00e9decin traitant de vous prescrire un test \u00e0 l\u2019effort.<\/p>\n<h3>VI &#8211; Documentation personnelle conseill\u00e9e<\/h3>\n<p>\u00ab\u00a0Guide du randonneur\u00a0\u00bb \u00e9dit\u00e9 par la F\u00e9d\u00e9ration Fran\u00e7aise de Randonn\u00e9e P\u00e9destre, les cartes IGN au 25000e, les topos guides r\u00e9gionaux.<\/p>\n","protected":false},"excerpt":{"rendered":"<p>I &#8211; D\u00e9finitions Sortie\u00a0: Appellation g\u00e9n\u00e9rale d\u00e9signant aussi bien les randonn\u00e9es p\u00e9destres, le ski de fond ou les raquettes. Randonn\u00e9es\u00a0: Par randonn\u00e9es, il faut entendre toute promenade, ascension ou marche en montagne, sur sentiers balis\u00e9s ou non, mais excluant l\u2019escalade. Ski de fond\u00a0: S\u2019applique \u00e0 toute sortie organis\u00e9e dans une&#8230; <a href=\"https:\/\/utla.univ-pau.fr\/site\/?page_id=79\" class=\"readmore\">lire la suite\u2026<span class=\"screen-reader-text\">R\u00e8glements internes sp\u00e9cifiques aux randonn\u00e9es Montagne \/ Raquettes Ski de Fond<\/span><span class=\"fa fa-angle-double-right\" aria-hidden=\"true\"><\/span><\/a><\/p>\n","protected":false},"author":1,"featured_media":0,"parent":3092,"menu_order":5,"comment_status":"closed","ping_status":"closed","template":"template\/Pleine-largeur.php","meta":[],"acf":[],"_links":{"self":[{"href":"https:\/\/utla.univ-pau.fr\/site\/index.php?rest_route=\/wp\/v2\/pages\/79"}],"collection":[{"href":"https:\/\/utla.univ-pau.fr\/site\/index.php?rest_route=\/wp\/v2\/pages"}],"about":[{"href":"https:\/\/utla.univ-pau.fr\/site\/index.php?rest_route=\/wp\/v2\/types\/page"}],"author":[{"embeddable":true,"href":"https:\/\/utla.univ-pau.fr\/site\/index.php?rest_route=\/wp\/v2\/users\/1"}],"replies":[{"embeddable":true,"href":"https:\/\/utla.univ-pau.fr\/site\/index.php?rest_route=%2Fwp%2Fv2%2Fcomments&post=79"}],"version-history":[{"count":1,"href":"https:\/\/utla.univ-pau.fr\/site\/index.php?rest_route=\/wp\/v2\/pages\/79\/revisions"}],"predecessor-version":[{"id":80,"href":"https:\/\/utla.univ-pau.fr\/site\/index.php?rest_route=\/wp\/v2\/pages\/79\/revisions\/80"}],"up":[{"embeddable":true,"href":"https:\/\/utla.univ-pau.fr\/site\/index.php?rest_route=\/wp\/v2\/pages\/3092"}],"wp:attachment":[{"href":"https:\/\/utla.univ-pau.fr\/site\/index.php?rest_route=%2Fwp%2Fv2%2Fmedia&parent=79"}],"curies":[{"name":"wp","href":"https:\/\/api.w.org\/{rel}","templated":true}]}}